l + 3. Let y be z(3). Let u = -51 - y. Calculate the highest common factor of 9 and u.
9
Suppose 3*g + 3*j - 210 = 0, 4*g - 3*j - 135 = 2*g. Suppose 0 = -2*p + 11 + g. Let y = p + -7. Calculate the greatest common divisor of 165 and y.
33
Let y be (2 - -126) + 2 + -3. Suppose 11*c = 10*c + y. Suppose 2*j + 5*r = c, -r - 29 + 88 = j. Calculate the greatest common divisor of j and 14.
14
Let v = -23 + 135. Suppose -6*h - 58 = -5*f - 3*h, f - 10 = h. Calculate the highest common divisor of v and f.
14
Let q be (-144)/(-64)*(-8)/(-3). Let j(c) = -54*c - 2. Let u be j(-2). Suppose -2*k = a - 52, -k + u = 3*a - 5*k. What is the highest common factor of q and a?
6
Suppose 4*s - 128 + 48 = 0. Suppose -2*p = -t - 1435, 0 = 4*p + 3*t + t - 2900. Suppose p = -b + 5*b. What is the highest common divisor of b and s?
20
Suppose 2*f + 3*f + x = 538, -5*x - 334 = -3*f. What is the highest common divisor of f and 36?
36
Suppose 2*y + 10 = 4*y. Calculate the greatest common factor of y and 15.
5
Let x(a) = 174*a**2 + 26*a. Let g be x(1). What is the greatest common divisor of g and 250?
50
Let u be (-6)/(-2) + -3 - 1. Let x be (12/16)/(u/28). Let p be ((-18)/x)/((-3)/(-42)). Calculate the highest common factor of p and 12.
12
Let b = 2263 - 742. What is the highest common factor of 117 and b?
117
Let c(a) = -2*a + 83. Let z be c(37). Calculate the greatest common factor of 549 and z.
9
Suppose 0 = -z - 4*z - 30. Let j = z - -16. Let k be (-1)/(-2) - 6/((-72)/294). Calculate the greatest common factor of k and j.
5
Suppose 0 = -3*p - b + 85 + 76, -2*b = 2. Let z = -209 + 344. What is the highest common divisor of z and p?
27
Let s be (-2 - -1)*-5*(-12)/(-2). Let d(r) = -17*r**3 + 4*r**2 - r - 4. Let a be d(-2). Calculate the greatest common divisor of a and s.
30
Let h = -1284 - -2234. Calculate the greatest common factor of h and 10.
10
Let q be 1 + 3 - 96/(-4). Let f(x) = 5*x + 57. Let z be f(11). Calculate the highest common divisor of z and q.
28
Let c(q) = q**3 + 5*q**2 - 3*q - 12. Let w be c(-5). Suppose -w*s - 4 = -4*s. Calculate the highest common factor of 32 and s.
4
Let d be 282/752 - (-4869)/8. Calculate the highest common factor of 7 and d.
7
Let a = 1957 - 1661. Calculate the highest common factor of 37 and a.
37
Let v(h) = -h**2 + 8*h + 1. Let x be v(6). Let u = x + -17. Let l(s) = -s**3 - 4*s**2 - 7*s - 5. Let p be l(u). What is the highest common factor of p and 69?
23
Suppose 0 = 4*z - 9*z - 425. Let j = z + 173. Suppose -3*w + 4*s - 3*s = -63, 5*w = 4*s + 98. What is the highest common divisor of j and w?
22
Suppose 0 = 2*x - 4*z - 20, -2*z - 3*z - 25 = -5*x. Suppose -2*b = -3*b. Suppose b = -x*k - k + 16. What is the highest common divisor of k and 128?
16
Let g be (-6 - -14)/(2/4). Let t be (-1)/5 - (-198)/15. Suppose y - 11 = t. What is the highest common divisor of y and g?
8
Suppose -13 - 7 = -4*r. Suppose r*a - 1216 = -0*a - 4*l, -a - 3*l = -252. What is the greatest common divisor of 30 and a?
30
Let l = 5 + -7. Let j be 71 + l + 0/1. Let t = j + -45. What is the highest common divisor of 12 and t?
12
Let z be (-810)/(-21)*336/36. What is the greatest common divisor of 60 and z?
60
Let f = 2353 - 2278. What is the highest common divisor of 325 and f?
25
Let i be (2/3)/(-6 - 11480/(-1911)). Let r = i - 55. What is the greatest common factor of r and 9?
9
Suppose 5*w - 30 = 3*g, 5*w + g + 0*g - 30 = 0. What is the highest common factor of w and 20?
2
Let r = -47 - -9. Let a = r - -49. What is the greatest common factor of 1 and a?
1
Let z = 406 - 405. Calculate the highest common divisor of 2 and z.
1
Let j(d) = -6*d**2 + 35*d + 12. Let k be j(6). What is the highest common factor of k and 12?
6
Suppose m - 2*h + 1678 = 4*m, -5*m = 5*h - 2805. Suppose 6*x = m + 500. Calculate the greatest common factor of x and 16.
16
Let q(v) = -v**3 + 7*v**2 - 6*v - 5. Let g = 35 - 30. Let x be q(g). Calculate the highest common factor of x and 135.
15
Let n be (1 + -8)/(1/(-1)). Let j(b) = b - 3. Let v be j(6). Suppose v*s + 4*r = 13, s - r + 5 = 2*s. Calculate the greatest common factor of s and n.
7
Suppose -97*o = -92*o - 335. Let c = 111 - o. Calculate the greatest common factor of c and 4.
4
Let z(n) = -140*n + 710. Let r be z(5). Calculate the greatest common factor of r and 30.
10
Suppose 5*g + 5*b = 20, -7*g - 2 = -8*g + b. Let s be (5/g)/((-25)/(-90)). Suppose -24 = 2*p - 6*p. What is the greatest common factor of s and p?
6
Let j be (121/33 + 0)*39*1. Calculate the highest common divisor of 33 and j.
11
Let c(t) = -t. Let h(p) = 45*p + 65. Let d(i) = -30*c(i) - h(i). Let q be d(-7). What is the greatest common divisor of q and 100?
20
Let f be 111915/225 + 2/(-5). Calculate the highest common factor of f and 142.
71
Let x = -14 - -18. Suppose -5*u + 2*t + 28 = -u, x*t - 7 = -u. Let m = 85 - 50. What is the greatest common factor of u and m?
7
Suppose -55 = -5*h - 25. Suppose -h*n + 60 = -3*n. What is the greatest common factor of n and 20?
20
Suppose 0 = q + 5*x + 17 - 145, 512 = 4*q + 3*x. Let u = -77 + q. What is the greatest common factor of 17 and u?
17
Let j = -424 + 202. Let r = j + 313. Calculate the greatest common divisor of r and 13.
13
Let n = -296 + 312. What is the highest common factor of n and 148?
4
Suppose -j + 3*j = 170. Suppose 529 - 699 = -10*k. What is the greatest common factor of k and j?
17
Let l = 1502 - 1500. Let a be 1 - 1*31*-1. Calculate the greatest common divisor of a and l.
2
Let l = -552 + 1306. Calculate the greatest common divisor of l and 26.
26
Let z(a) = -a**3 - 2*a**2 - 3*a + 274. Let d be z(0). Let l = -18 + d. What is the highest common divisor of 32 and l?
32
Suppose -3*z + 4*r + 125 = 3*r, r - 155 = -4*z. Let m(v) = -v**3 + 8*v**2 + 10*v + 11. Let y be m(9). Calculate the highest common divisor of y and z.
20
Let r be ((-48)/32)/((-2)/(-20)). Let f = -3 - r. Let n = -29 + 59. Calculate the highest common divisor of n and f.
6
Suppose 2*k = 6*k + 28. Let f(g) = g**2 + 6*g + 3. Let r be f(k). Calculate the highest common divisor of r and 80.
10
Suppose 5*q - 136 - 14 = 4*t, -q - 5*t + 30 = 0. Let c(j) = -j**2 + j + 40. Let o be c(0). What is the highest common divisor of q and o?
10
Let z(l) = 4*l**3 - 3*l**2 + 3*l - 2. Let n = 76 + -74. Let p be z(n). Calculate the greatest common factor of p and 216.
24
Let j be 616/105 - (-2)/15. Suppose 13 = -l + 5*x, -l + x - 3 + j = 0. Calculate the greatest common factor of l and 1.
1
Let c be (-1 + 33/1)*(-144)/(-32). Let u = -75 - -111. Calculate the highest common divisor of c and u.
36
Let p be (130*(-10)/8)/((-15)/30). Suppose -w + 2*g + 19 = 0, 2*w + g + 47 = 4*w. What is the highest common divisor of w and p?
25
Let v = 10 + -5. Let w(k) = -222*k - 5. Let i be w(3). Let q be (-1)/4 - i/44. What is the greatest common factor of v and q?
5
Let i(j) = -2*j + 1. Let t be i(1). Let d be (5 + t)*171/18. Let m = 36 + -17. What is the greatest common factor of d and m?
19
Let g be (20 + 3)/(5/335). Calculate the highest common factor of g and 23.
23
Let g(s) = s**3 - s**2 + 5*s - 14. Suppose -5*v + 8 = -3*z, -5*v + 0*z + 40 = 5*z. Let d be g(v). Calculate the greatest common divisor of d and 54.
54
Let n = -270 + 297. Calculate the greatest common divisor of 729 and n.
27
Let n(t) = -272*t + 7. Let s be n(-1). Let l = s - 95. What is the greatest common factor of l and 8?
8
Suppose 13 = b - 13. What is the highest common factor of 143 and b?
13
Let d be (-1 - (-8 + 2))*(-231)/(-15). What is the highest common factor of d and 33?
11
Suppose 3*z = -0*z + 33. Let u = z + -9. Suppose 0 = -t + 4*g + 3, g = u*t + t - 20. What is the highest common divisor of t and 56?
7
Let f = 12 + -13. Let j(a) = -3*a**3 + a**2 + 2*a + 1. Let l be j(f). Suppose -l*z = -6 - 33. What is the greatest common divisor of 117 and z?
13
Suppose 0 = 3*r - 0*r - 9, 0 = -5*i - r + 163. Calculate the greatest common divisor of 352 and i.
32
Let l = 94 - -588. Calculate the highest common factor of l and 22.
22
Suppose 6*u - 1 = 53. Let n be (6/u)/(9/513). Suppose 3*g = -3, 26 + 65 = p + 4*g. What is the highest common factor of n and p?
19
Suppose -2*l + 4*u = -7*l + 65, -3*l = 2*u - 37. Let o = 2 + l. Suppose o + 1 = c. Calculate the highest common factor of 8 and c.
4
Let b(i) = i**3 + 9*